{"id":53662,"date":"2026-05-05T03:29:22","date_gmt":"2026-05-05T03:29:22","guid":{"rendered":"https:\/\/prev.adorn.mx\/index.php\/producto\/vela-aromatica-seychelles-peonia-marroqui\/"},"modified":"2026-05-05T07:44:44","modified_gmt":"2026-05-05T07:44:44","slug":"vela-aromatica-seychelles-peonia-marroqui","status":"publish","type":"product","link":"https:\/\/adorn.mx\/index.php\/producto\/vela-aromatica-seychelles-peonia-marroqui\/","title":{"rendered":"Vela aromatica Seychelles-Peon\u00eda marroqu\u00ed"},"content":{"rendered":"<p>Vela aromatica Seychelles-Peon\u00eda marroqu\u00ed<\/p>\n","protected":false},"excerpt":{"rendered":"<p>PESO (KG)  1KG<br \/>\nMEDIDAS  9X11 cm<br \/>\nMATERIALES\tCer\u00e1mica<br \/>\nCOLORES Blanco<\/p>\n","protected":false},"featured_media":53661,"template":"","meta":[],"product_brand":[],"product_cat":[10739],"product_tag":[],"class_list":{"0":"post-53662","1":"product","2":"type-product","3":"status-publish","4":"has-post-thumbnail","6":"product_cat-velas-decorativas-y-difusores","8":"first","9":"instock","10":"taxable","11":"shipping-taxable","12":"purchasable","13":"product-type-simple"},"yoast_head":"<!-- This site is optimized with the Yoast SEO plugin v27.5 - https:\/\/yoast.com\/product\/yoast-seo-wordpress\/ -->\n<title>Vela aromatica Seychelles-Peon\u00eda marroqu\u00ed - Adorn Concept Store<\/title>\n<meta name=\"robots\" content=\"noindex, follow, max-snippet:-1, max-image-preview:large, max-video-preview:-1\" \/>\n<meta property=\"og:locale\" content=\"es_MX\" \/>\n<meta property=\"og:type\" content=\"article\" \/>\n<meta property=\"og:title\" content=\"Vela aromatica Seychelles-Peon\u00eda marroqu\u00ed - Adorn Concept Store\" \/>\n<meta property=\"og:description\" content=\"PESO (KG) 1KG MEDIDAS 9X11 cm MATERIALES Cer\u00e1mica COLORES Blanco\" \/>\n<meta property=\"og:url\" content=\"https:\/\/adorn.mx\/index.php\/producto\/vela-aromatica-seychelles-peonia-marroqui\/\" \/>\n<meta property=\"og:site_name\" content=\"Adorn Concept Store\" \/>\n<meta property=\"article:modified_time\" content=\"2026-05-05T07:44:44+00:00\" \/>\n<meta property=\"og:image\" content=\"https:\/\/adorn.mx\/wp-content\/uploads\/2026\/05\/captura_de_pantalla_2023-03-14_133525.jpg\" \/>\n\t<meta property=\"og:image:width\" content=\"673\" \/>\n\t<meta property=\"og:image:height\" content=\"503\" \/>\n\t<meta property=\"og:image:type\" content=\"image\/jpeg\" \/>\n<meta name=\"twitter:card\" content=\"summary_large_image\" \/>\n<script type=\"application\/ld+json\" class=\"yoast-schema-graph\">{\"@context\":\"https:\\\/\\\/schema.org\",\"@graph\":[{\"@type\":\"WebPage\",\"@id\":\"https:\\\/\\\/adorn.mx\\\/index.php\\\/producto\\\/vela-aromatica-seychelles-peonia-marroqui\\\/\",\"url\":\"https:\\\/\\\/adorn.mx\\\/index.php\\\/producto\\\/vela-aromatica-seychelles-peonia-marroqui\\\/\",\"name\":\"Vela aromatica Seychelles-Peon\u00eda marroqu\u00ed - Adorn Concept Store\",\"isPartOf\":{\"@id\":\"https:\\\/\\\/prev.adorn.mx\\\/#website\"},\"primaryImageOfPage\":{\"@id\":\"https:\\\/\\\/adorn.mx\\\/index.php\\\/producto\\\/vela-aromatica-seychelles-peonia-marroqui\\\/#primaryimage\"},\"image\":{\"@id\":\"https:\\\/\\\/adorn.mx\\\/index.php\\\/producto\\\/vela-aromatica-seychelles-peonia-marroqui\\\/#primaryimage\"},\"thumbnailUrl\":\"https:\\\/\\\/adorn.mx\\\/wp-content\\\/uploads\\\/2026\\\/05\\\/captura_de_pantalla_2023-03-14_133525.jpg\",\"datePublished\":\"2026-05-05T03:29:22+00:00\",\"dateModified\":\"2026-05-05T07:44:44+00:00\",\"breadcrumb\":{\"@id\":\"https:\\\/\\\/adorn.mx\\\/index.php\\\/producto\\\/vela-aromatica-seychelles-peonia-marroqui\\\/#breadcrumb\"},\"inLanguage\":\"es\",\"potentialAction\":[{\"@type\":\"ReadAction\",\"target\":[\"https:\\\/\\\/adorn.mx\\\/index.php\\\/producto\\\/vela-aromatica-seychelles-peonia-marroqui\\\/\"]}]},{\"@type\":\"ImageObject\",\"inLanguage\":\"es\",\"@id\":\"https:\\\/\\\/adorn.mx\\\/index.php\\\/producto\\\/vela-aromatica-seychelles-peonia-marroqui\\\/#primaryimage\",\"url\":\"https:\\\/\\\/adorn.mx\\\/wp-content\\\/uploads\\\/2026\\\/05\\\/captura_de_pantalla_2023-03-14_133525.jpg\",\"contentUrl\":\"https:\\\/\\\/adorn.mx\\\/wp-content\\\/uploads\\\/2026\\\/05\\\/captura_de_pantalla_2023-03-14_133525.jpg\",\"width\":673,\"height\":503},{\"@type\":\"BreadcrumbList\",\"@id\":\"https:\\\/\\\/adorn.mx\\\/index.php\\\/producto\\\/vela-aromatica-seychelles-peonia-marroqui\\\/#breadcrumb\",\"itemListElement\":[{\"@type\":\"ListItem\",\"position\":1,\"name\":\"Inicio\",\"item\":\"https:\\\/\\\/adorn.mx\\\/\"},{\"@type\":\"ListItem\",\"position\":2,\"name\":\"Tienda\",\"item\":\"https:\\\/\\\/adorn.mx\\\/index.php\\\/tienda\\\/\"},{\"@type\":\"ListItem\",\"position\":3,\"name\":\"Vela aromatica Seychelles-Peon\u00eda marroqu\u00ed\"}]},{\"@type\":\"WebSite\",\"@id\":\"https:\\\/\\\/prev.adorn.mx\\\/#website\",\"url\":\"https:\\\/\\\/prev.adorn.mx\\\/\",\"name\":\"Adorn Concept Store\",\"description\":\"\",\"potentialAction\":[{\"@type\":\"SearchAction\",\"target\":{\"@type\":\"EntryPoint\",\"urlTemplate\":\"https:\\\/\\\/prev.adorn.mx\\\/?s={search_term_string}\"},\"query-input\":{\"@type\":\"PropertyValueSpecification\",\"valueRequired\":true,\"valueName\":\"search_term_string\"}}],\"inLanguage\":\"es\"}]}<\/script>\n<!-- \/ Yoast SEO plugin. -->","yoast_head_json":{"title":"Vela aromatica Seychelles-Peon\u00eda marroqu\u00ed - Adorn Concept Store","robots":{"index":"noindex","follow":"follow","max-snippet":"max-snippet:-1","max-image-preview":"max-image-preview:large","max-video-preview":"max-video-preview:-1"},"og_locale":"es_MX","og_type":"article","og_title":"Vela aromatica Seychelles-Peon\u00eda marroqu\u00ed - Adorn Concept Store","og_description":"PESO (KG) 1KG MEDIDAS 9X11 cm MATERIALES Cer\u00e1mica COLORES Blanco","og_url":"https:\/\/adorn.mx\/index.php\/producto\/vela-aromatica-seychelles-peonia-marroqui\/","og_site_name":"Adorn Concept Store","article_modified_time":"2026-05-05T07:44:44+00:00","og_image":[{"width":673,"height":503,"url":"https:\/\/adorn.mx\/wp-content\/uploads\/2026\/05\/captura_de_pantalla_2023-03-14_133525.jpg","type":"image\/jpeg"}],"twitter_card":"summary_large_image","schema":{"@context":"https:\/\/schema.org","@graph":[{"@type":"WebPage","@id":"https:\/\/adorn.mx\/index.php\/producto\/vela-aromatica-seychelles-peonia-marroqui\/","url":"https:\/\/adorn.mx\/index.php\/producto\/vela-aromatica-seychelles-peonia-marroqui\/","name":"Vela aromatica Seychelles-Peon\u00eda marroqu\u00ed - Adorn Concept Store","isPartOf":{"@id":"https:\/\/prev.adorn.mx\/#website"},"primaryImageOfPage":{"@id":"https:\/\/adorn.mx\/index.php\/producto\/vela-aromatica-seychelles-peonia-marroqui\/#primaryimage"},"image":{"@id":"https:\/\/adorn.mx\/index.php\/producto\/vela-aromatica-seychelles-peonia-marroqui\/#primaryimage"},"thumbnailUrl":"https:\/\/adorn.mx\/wp-content\/uploads\/2026\/05\/captura_de_pantalla_2023-03-14_133525.jpg","datePublished":"2026-05-05T03:29:22+00:00","dateModified":"2026-05-05T07:44:44+00:00","breadcrumb":{"@id":"https:\/\/adorn.mx\/index.php\/producto\/vela-aromatica-seychelles-peonia-marroqui\/#breadcrumb"},"inLanguage":"es","potentialAction":[{"@type":"ReadAction","target":["https:\/\/adorn.mx\/index.php\/producto\/vela-aromatica-seychelles-peonia-marroqui\/"]}]},{"@type":"ImageObject","inLanguage":"es","@id":"https:\/\/adorn.mx\/index.php\/producto\/vela-aromatica-seychelles-peonia-marroqui\/#primaryimage","url":"https:\/\/adorn.mx\/wp-content\/uploads\/2026\/05\/captura_de_pantalla_2023-03-14_133525.jpg","contentUrl":"https:\/\/adorn.mx\/wp-content\/uploads\/2026\/05\/captura_de_pantalla_2023-03-14_133525.jpg","width":673,"height":503},{"@type":"BreadcrumbList","@id":"https:\/\/adorn.mx\/index.php\/producto\/vela-aromatica-seychelles-peonia-marroqui\/#breadcrumb","itemListElement":[{"@type":"ListItem","position":1,"name":"Inicio","item":"https:\/\/adorn.mx\/"},{"@type":"ListItem","position":2,"name":"Tienda","item":"https:\/\/adorn.mx\/index.php\/tienda\/"},{"@type":"ListItem","position":3,"name":"Vela aromatica Seychelles-Peon\u00eda marroqu\u00ed"}]},{"@type":"WebSite","@id":"https:\/\/prev.adorn.mx\/#website","url":"https:\/\/prev.adorn.mx\/","name":"Adorn Concept Store","description":"","potentialAction":[{"@type":"SearchAction","target":{"@type":"EntryPoint","urlTemplate":"https:\/\/prev.adorn.mx\/?s={search_term_string}"},"query-input":{"@type":"PropertyValueSpecification","valueRequired":true,"valueName":"search_term_string"}}],"inLanguage":"es"}]}},"_links":{"self":[{"href":"https:\/\/adorn.mx\/index.php\/wp-json\/wp\/v2\/product\/53662","targetHints":{"allow":["GET"]}}],"collection":[{"href":"https:\/\/adorn.mx\/index.php\/wp-json\/wp\/v2\/product"}],"about":[{"href":"https:\/\/adorn.mx\/index.php\/wp-json\/wp\/v2\/types\/product"}],"wp:featuredmedia":[{"embeddable":true,"href":"https:\/\/adorn.mx\/index.php\/wp-json\/wp\/v2\/media\/53661"}],"wp:attachment":[{"href":"https:\/\/adorn.mx\/index.php\/wp-json\/wp\/v2\/media?parent=53662"}],"wp:term":[{"taxonomy":"product_brand","embeddable":true,"href":"https:\/\/adorn.mx\/index.php\/wp-json\/wp\/v2\/product_brand?post=53662"},{"taxonomy":"product_cat","embeddable":true,"href":"https:\/\/adorn.mx\/index.php\/wp-json\/wp\/v2\/product_cat?post=53662"},{"taxonomy":"product_tag","embeddable":true,"href":"https:\/\/adorn.mx\/index.php\/wp-json\/wp\/v2\/product_tag?post=53662"}],"curies":[{"name":"wp","href":"https:\/\/api.w.org\/{rel}","templated":true}]}}